y k.
0
Calculate the remainder when 18 is divided by (-5)/(-3)*8*(-33)/(-88).
3
Suppose 348 = -52*k + 58*k. Calculate the remainder when k is divided by 20.
18
Let n = 109 - 38. Suppose -6*q = -q - 10. Suppose 2*i - 40 = -4*p, -q*p - 28 = -2*i - 3*p. What is the remainder when n is divided by i?
11
Let p = -355 - -359. Calculate the remainder when 226 is divided by p.
2
Let n = 74 + -71. Suppose n*h + 20 = 26. Calculate the remainder when 4 is divided by h.
0
Let a(c) be the third derivative of -c**6/15 + c**5/30 - c**3/6 + 11*c**2. Let x = 5 - -13. What is the remainder when a(-2) is divided by x?
17
Suppose -15*v + 11*v + 4*h = -32, v = 3*h + 6. What is the remainder when 834 is divided by v?
6
Suppose 0 = -54*i + 44*i + 190. What is the remainder when i is divided by 8?
3
Let a be -2 + 334/3 + 4/(-12). Let c = 135 - a. Calculate the remainder when 127 is divided by c.
23
Let m(h) = -2*h**3 - 23*h**2 - 14*h - 25. Let a be m(-11). Suppose -2*v = -v - 48. Calculate the remainder when v is divided by ((-2)/a)/((-1)/68).
14
Let r = -64 - -97. What is the remainder when 393 is divided by r?
30
Let h = 1079 - 1073. What is the remainder when 14 is divided by h?
2
Let j = -528 - -590. Let m = 21 - -13. What is the remainder when j is divided by m?
28
Suppose -3*v + 3 = -c, v + 2*v = 3*c - 3. Suppose v*s + 4 = 32. What is the remainder when 26 is divided by s?
12
Let g(r) = r**3 + 4*r**2 + 3*r - 3. Let k be g(-3). What is the remainder when -6*(k - 10/(-4)) is divided by 3?
0
Let t(y) = 18*y**3 + 3*y**2 - 3*y + 5. What is the remainder when t(2) is divided by 39?
38
Let z(j) be the third derivative of j**5/30 + j**4/12 - j**3/2 - 3*j**2. What is the remainder when z(-3) is divided by 5?
4
What is the remainder when 127 is divided by (4 - 2) + (-9)/((-45)/160)?
25
Let s(b) = -8*b + 4. Let a be s(-3). Let m = -7 + a. What is the remainder when 41 is divided by m?
20
Let a(o) = -o**3 + 6*o**2 - 4*o - 6. Let w be a(5). Let m(t) = -147*t**2 - 1. Let p be m(w). What is the remainder when (1 - 3)*p/8 is divided by 13?
11
Let k = -528 + 539. Let s(q) = -q**3 + 2*q**2 + 4*q + 6. Let l be s(-4). Let i = l + -56. Calculate the remainder when i is divided by k.
8
Suppose 0 = -37*r + 44*r - 56. Calculate the remainder when r is divided by 1.
0
Let h be (3/(-6) + 0)*-82. Suppose -h*o + 43*o - 26 = 0. Calculate the remainder when 258 is divided by o.
11
Let k(v) be the second derivative of 2/3*v**4 + 1/2*v**2 - 3*v + 0*v**3 + 0. Calculate the remainder when 65 is divided by k(2).
32
Let i be (0/(-1))/(10 + -6). Suppose 2*g + i = 30. What is the remainder when 58 is divided by g?
13
Let d = 16 - 14. Suppose 3*r = d*u - 9, -3*u + 19 = 5*r - 4*r. Calculate the remainder when 26 is divided by u.
2
Let m(z) = z**2 - 4*z - 2. Let h be m(6). Let u = h + -44. Let w = u - -46. What is the remainder when 57 is divided by w?
9
Let k(h) = 33*h**2 - 85*h - 5. What is the remainder when 120/(-3)*(-36)/10 is divided by k(3)?
33
Let w = -700 + 739. Calculate the remainder when w is divided by 35.
4
Let x(u) = 2*u**3 + 8*u**2 - 6*u + 2. Calculate the remainder when 92 is divided by x(2).
16
Let f = -182 - -184. What is the remainder when 2 is divided by f?
0
Let t(c) = 0*c + 264 - 9*c - c**3 + 0*c - 282 - 4*c**2. Suppose 4*m = 2*m + 20. Calculate the remainder when t(-4) is divided by m.
8
Suppose -12*p = -14*p + 50. Suppose -4*f + 4*y + 346 = 50, 5*f + 2*y = 370. What is the remainder when f is divided by p?
24
What is the remainder when (-999)/(-7) + ((-16)/(-14))/4 is divided by 16?
15
Let k = 146 + -73. Let s = k - 32. Suppose -2*f + 5*y + s = f, -f = -5*y - 27. Calculate the remainder when f is divided by 6.
1
Suppose 2*c - 3*q = 2*q - 9, 0 = 5*c + q - 18. Suppose c*r - 169 = 212. Calculate the remainder when r is divided by 32.
31
Suppose 90 = 2*d + 16. What is the remainder when 132 is divided by d?
21
Suppose -5*q - 24 - 126 = 0. Let k = q + 42. What is the remainder when -3 + (-12)/(-2) - -28 is divided by k?
7
Let q(t) = 6*t - 7 - 11 + 0 + 10*t**2. What is the remainder when 168 is divided by q(2)?
32
Suppose -5*w - 3*n + 30 = -w, 16 = w + 5*n. Let x = 0 + 1. Let k = w + x. What is the remainder when 13 is divided by k?
6
Suppose 0 = -15*i + 3*i + 144. Calculate the remainder when 54 is divided by i.
6
Let i be -3 - 1 - -22 - 1. Suppose 13 = -0*v + v - 4*f, -4*f = -5*v + i. Calculate the remainder when 5 is divided by v.
0
Suppose -134 = -2*q - 0*q. Suppose 3*i + s - q = -3*s, 2*i + s = 53. Let r = i - 21. Calculate the remainder when 22 is divided by r.
6
Suppose -19*p + 2061 = -2195. Calculate the remainder when p is divided by 57.
53
Let o(k) = 11*k**2 - 2*k + 1. Let c(j) be the third derivative of -j**5/30 + 7*j**4/12 - 3*j**3/2 - 20*j**2. What is the remainder when o(2) is divided by c(5)?
8
Let a(v) = 3*v**2 + 3*v + 3. Let t(k) = -k + 3. Let c be t(5). Suppose z = 40 - 15. Calculate the remainder when z is divided by a(c).
7
Let a be 6/15 - (-261)/(-15). Suppose 5*u + m = -95, u = -0*u - 4*m. Let q = a - u. Calculate the remainder when q is divided by 2.
1
Let q be (-41)/(((-1)/(-4))/(-1)). Let f(w) = -84*w + 1601. What is the remainder when q/6 - 1/3 is divided by f(19)?
2
Let n(g) = -g**2 - 19*g. Let u be n(-6). Suppose -u - 69 = -7*l. What is the remainder when 146 is divided by l?
20
Let n(g) = -g**3 + 8*g**2 + 6*g - 30. What is the remainder when 113 is divided by n(8)?
5
Calculate the remainder when 62/(-3)*((-564)/24 + 4) is divided by 46.
35
Let f = 783 - 754. Let k = 400 + -286. Calculate the remainder when k is divided by f.
27
Let c(m) = -5*m + 3. What is the remainder when (-5 + 7)*436/8 is divided by c(-5)?
25
Suppose 9*i - 21 - 36 = 5*v, 4*v + 28 = 5*i. Calculate the remainder when 207 is divided by i.
7
Suppose -89*u - 51 = -92*u. What is the remainder when 80 is divided by u?
12
Let d(f) be the second derivative of f**4/4 + f**3/6 - f**2 + 11*f. What is the remainder when 87 is divided by d(-3)?
21
Suppose -2*d + 8 = -8. Suppose -d + 4 = -s. Suppose 0 = 4*f - 3*x - 181, 0 = -f + s*f + 2*x - 140. What is the remainder when f is divided by 12?
10
Suppose -3*z - m = -14, -4*z - 5*m + 31 = -6. Suppose 2*w - z = -2*l + 1, 3*w + 8 = 4*l. Suppose p = l*p - 19. Calculate the remainder when 56 is divided by p.
18
Let o = -200 + 235. What is the remainder when 37 is divided by o?
2
Suppose 0 = 2*j - 8, -5*b + 4*j = -2*b + 4. Suppose b*t - 42 = 2. Calculate the remainder when 40 is divided by t.
7
Suppose -3*w - 3*m = -348, 4*w + 232 - 666 = 2*m. Suppose -w + 27 = -14*g. What is the remainder when 14 is divided by g?
2
Suppose 131*c - 1032 = 88*c. Calculate the remainder when 263 is divided by c.
23
Let y = 86 - 21. Suppose 0 = 5*p - t - 26, -2*p - t - t = -8. Suppose 23 = l + 2*j, 5*l - p*j = l + 53. Calculate the remainder when y is divided by l.
14
Suppose -3*z + 3*b + b = 11, 5*z + 4*b - 35 = 0. Suppose 2*d = -5*q + 121, z*d - 75 = -3*q + d. Calculate the remainder when 41 is divided by q.
18
Let r(y) = 66*y**2 - 13*y - 11. Suppose 0 = -2*w - 3*w + 115. Calculate the remainder when r(-1) is divided by w.
22
Let z(i) = -i**2 - 6*i - 1. Let m be z(-4). Suppose 0 = m*o + 4*o - 583. Suppose -17 + 62 = 5*j. Calculate the remainder when o is divided by j.
8
Let k = 5 - -3. Let c be 22/k + 2/8. Suppose -c*r + 2*l = -82, r + r - 23 = -5*l. Calculate the remainder when 95 is divided by r.
23
What is the remainder when 13 is divided by (-8)/10 + 1539/405?
1
Let n = 77 - 51. Suppose n = -u - 6. Let x = 64 + u. Calculate the remainder when x is divided by 17.
15
Let l = 182 - 11. Let r = l + -256. Calculate the remainder when (-2)/(-10) + (-4318)/r is divided by 13.
12
Let i = 20 - -27. Calculate the remainder when i is divided by (0/9 - (-32)/(-6))*-3.
15
Let y = 145 - 56. What is the remainder when y is divided by 32?
25
Suppose -2*z + 250 = -4*o, 193 = -2*o + 3*z + 58. Let i = o + 89. Calculate the remainder when 56 is divided by i.
27
Let l = -19 - -42. Suppose 7*k - 44 + 9 = 0. What is the remainder when l is divided by k?
3
Let t = 1 + 92. Suppose 0 = -2*s + t - 79. Calculate the remainder when 15 is divided by s.
1
Let x(s) = 8*s - 14*s + 18 + 8*s. What is the remainder when x(-4) is divided by 6?
4
Let s(k) = k**2 - k + 69. Let p be s(0). Suppose 6*n = 3*